46?
2
What is the millions digit of 31849834?
1
What is the hundreds digit of 830483374?
3
What is the ten millions digit of 1856337585?
5
What is the billions digit of 7455887283?
7
What is the hundred thousands digit of 3515848878?
8
What is the ten thousands digit of 5746423148?
2
What is the units digit of 787800119?
9
What is the billions digit of 5358035171?
5
What is the hundreds digit of 3418016983?
9
What is the hundreds digit of 42031706?
7
What is the ten millions digit of 35233509?
3
What is the hundreds digit of 351179796?
7
What is the ten millions digit of 52894156?
5
What is the units digit of 9508690?
0
What is the millions digit of 3110158819?
0
What is the units digit of 264945474?
4
What is the ten millions digit of 2701653163?
0
What is the hundred millions digit of 898306343?
8
What is the tens digit of 3964687727?
2
What is the millions digit of 293295143?
3
What is the hundred millions digit of 778887388?
7
What is the hundreds digit of 30591325?
3
What is the hundreds digit of 278942636?
6
What is the hundred thousands digit of 70478702?
4
What is the millions digit of 236490563?
6
What is the units digit of 7233196?
6
What is the thousands digit of 3589312478?
2
What is the units digit of 11159436?
6
What is the units digit of 380859308?
8
What is the ten millions digit of 71009634?
7
What is the hundred millions digit of 830985454?
8
What is the billions digit of 3643007041?
3
What is the hundreds digit of 68739837?
8
What is the tens digit of 195613301?
0
What is the tens digit of 4031380555?
5
What is the units digit of 75564137?
7
What is the tens digit of 2848567010?
1
What is the units digit of 1331170019?
9
What is the thousands digit of 114126361?
6
What is the thousands digit of 33660472?
0
What is the units digit of 1171980412?
2
What is the hundred millions digit of 375783310?
3
What is the ten thousands digit of 551581465?
8
What is the hundred thousands digit of 5635655658?
6
What is the thousands digit of 20094536?
4
What is the ten thousands digit of 40908001?
0
What is the ten millions digit of 582488165?
8
What is the hundreds digit of 20856338?
3
What is the units digit of 3431403441?
1
What is the thousands digit of 2260346679?
6
What is the tens digit of 7767548731?
3
What is the hundreds digit of 328218199?
1
What is the millions digit of 111667442?
1
What is the thousands digit of 3105140521?
0
What is the millions digit of 2157325?
2
What is the thousands digit of 700790336?
0
What is the ten millions digit of 252514166?
5
What is the units digit of 185461429?
9
What is the tens digit of 16194761?
6
What is the units digit of 11107956?
6
What is the units digit of 387778273?
3
What is the units digit of 359704443?
3
What is the hundred thousands digit of 1289870837?
8
What is the ten millions digit of 2501182918?
0
What is the millions digit of 103016145?
3
What is the ten thousands digit of 60161879?
6
What is the ten thousands digit of 430707744?
0
What is the hundreds digit of 355638909?
9
What is the hundred thousands digit of 89706145?
7
What is the thousands digit of 237739273?
9
What is the hundreds digit of 2217469891?
8
What is the tens digit of 125558465?
6
What is the ten thousands digit of 605753381?
5
What is the hundred millions digit of 194606117?
1
What is the tens digit of 143823514?
1
What is the hundred thousands digit of 23032282?
0
What is the ten thousands digit of 2375186522?
8
What is the tens digit of 3172034851?
5
What is the ten millions digit of 1412424315?
1
What is the units digit of 1766539553?
3
What is the tens digit of 740108542?
4
What is the ten thousands digit of 1274928525?
2
What is the thousands digit of 2913621128?
1
What is the units digit of 3233995652?
2
What is the ten millions digit of 208876639?
0
What is the ten thousands digit of 39059219?
5
What is the billions digit of 3568026071?
3
What is the hundred thousands digit of 1913643780?
6
What is the units digit of 6589204?
4
What is the ten millions digit of 309556333?
0
What is the ten thousands digit of 4442252336?
5
What is the tens digit of 66432455?
5
What is the hundred millions digit of 841865133?
8
What is the millions digit of 3673399627?
3
What is the tens digit of 5486043898?
9
What is the tens digit of 473627877?
7
What is the millions digit of 827682399?
7
What is the millions digit of 261725052?
1
What is the tens digit of 536453473?
7
What is the hundred millions digit of 159978433?
1
What is the ten thousands digit of 372025616?
2
What is the thousands digit of 5817473?
7
What is the tens digit of 1068152268?
6
What is the units digit of 732474026?
6
What is the millions digit of 1885588798?
5
What is the ten thousands digit of 5639508708?
0
What is the tens digit of 7303828217?
1
What is the thousands digit of 90806368?
6
What is the hundreds digit of 123566164?
1
What is the thousands digit of 319994428?
4
What is the ten thousands digit of 3930383581?
8
What is the hundred millions digit of 2424905495?
4
What is the thousands digit of 15116011?
6
What is the thousands digit of 1041277934?
7
What is the thousands digit of 12233988?
3
What is the thousands digit of 228162879?
2
What is the ten millions digit of 15161914?
1
What is the tens digit of 97373049?
4
What is the millions digit of 19856113?
9
What is the thousands digit of 1568207304?
7
What is the tens digit of 196117969?
6
What is the ten millions digit of 5356141947?
5
What is the tens digit of 46990901?
0
What is the hundreds digit of 431724574?
5
What is the thousands digit of 76160160?
0
What is the hundred thousands digit of 97683555?
6
What is the hundreds digit of 1904487954?
9
What is the hundreds digit of 77693949?
9
What is the hundreds digit of 101321074?
0
What is the tens digit of 1932625385?
8
What is the hundreds digit of 91139374?
3
What is the units digit of 235081620?
0
What is the millions digit of 263266160?
3
What is the units digit of 3870667545?
5
What is the ten millions digit of 23532068?
2
What is the thousands digit of 30250315?
0
What is the hundreds digit of 91928633?
6
What is the hundred thousands digit of 998211815?
2
What is the ten thousands digit of 116578851?
7
What is the millions digit of 160087227?
0
What is the ten millions digit of 40032645?
4
What is the units digit of 2262746111?
1
What is the ten thousands digit of 63428882?
2
What is the millions digit of 14676946?
4
What is the hundred millions digit of 713480408?
7
What is the thousands digit of 437861561?
1
What is the hundred thousands digit of 279607582?
6
What is the tens digit of 14250029?
2
What is the hundreds digit of 2218466951?
9
What is the thousands digit of 10637367?
7
What is the ten millions digit of 484456577?
8
What is the hundred thousands digit of 1571401643?
4
What is the hundred millions digit of 842601780?
8
What is the thousands digit of 48019085?
9
What is the hundred thousands digit of 1523686420?
6
What is the hundred millions digit of 3518401525?
5
What is the hundred thousands digit of 4948936?
9
What is the ten millions digit of 3001430766?
0
What is the tens digit of 22089810?
1
What is the hundred thousands digit of 2242155659?
1
What is the units digit of 1406925797?
7
What is the thousands digit of 1111696348?
6
What is the ten millions digit of 768095590?
6
What is the ten thousands digit of 25099564?
9
What is the ten thousands digit of 894897972?
9
What is the millions digit of 1315238276?
5
What is the tens digit of 6308449167?
6
What is the hundred thousands digit of 43886031?
8
What is the hundreds digit of 246935018?
0
What is the ten millions digit of 994871508?
9
What is the ten thousands digit of 96472841?
7
What is the thousands digit of 218795881?
5
What is the hundred millions digit of 759369163?
7
What is the millions digit of 191366572?
1
What is the millions digit of 190675910?
0
What is the hundred thousands digit of 109527557?
5
What is the hundred thousands digit of 7196062?
1
What is the ten thousands digit of 363807899?
0
What is the ten millions digit of 4848790655?
4
What is the units digit of 1115279576?
6
What is the ten thousands digit of 502938?
0
What is the ten thousands digit of 31867987?
6
What is the units digit of 574937648?
8
What is the ten millions dig